culate 74 + (-97 - -3) - (23 - -1).
-44
-46 + -28 + -56 + 104
-26
What is the value of 1 + -15 - (-1612 - -1544) - (-2 - -17)?
39
What is -5 - ((-4 - 0 - -19) + -2)?
-18
79 - (-63 - -159 - 11)
-6
What is -21 + (-88 - (2 - (14 + 32)))?
-65
-11 + 43 + (4 - 18) + 20
38
-7 + (-58 - (17 + -15 - (-4 + 6 + -5)))
-70
Evaluate (243 - 65) + -70 + -81.
27
Evaluate (72 - 135 - -124) + -5.
56
12 - (143 + (141 - 108) + -24 + 0)
-140
What is 10 - (47 + -22) - -62?
47
What is the value of 2348 + -2354 + (-2 - -63) + -1 + 1?
55
What is the value of -91 + -64 + 132 + 94?
71
What is 15 + -1 - (130 - (151 + 57))?
92
Evaluate 1 + 29 + 0 - (2726 + -2709).
13
Evaluate 13 + 4 + -22 + 4 + -60.
-61
Evaluate (-6 - (-36 + 63)) + -7.
-40
Calculate -6 + -13 + -1 + 23 + -9 - 107.
-113
Calculate -73 + 67 - ((1 - -3 - 3) + 0 + -9).
2
What is the value of (89 + -85 + (0 - -40) - 8) + 0 + 6?
42
What is 5 - (8 - (35 - 2) - (-8 - -15))?
37
What is (17 - (14 - 24)) + -10 + 3 - 115?
-95
Calculate 63 - (-115 - -227 - 8).
-41
What is 140 - (21 + -10 - -66)?
63
What is -24 - (-10 - (-7 + (-2 - (3 - -6))))?
-32
235 + -262 + (2 - -5) + 6 - (-89 - 0)
75
Evaluate -30 - 5 - (-122 - -67) - (-2 - 65).
87
What is the value of -78 + 116 + -59 + (-9 - 1)?
-31
(76 + -52 - (-6 - -12 - -2)) + 29
45
What is 2 + (4 - 7) - (36 - -2 - (-136 + 121))?
-54
-27 + 0 + 4 + (-16 - (2 - (-12 - -20)))
-33
What is -72 + 65 + -71 + 71?
-7
What is the value of (11 - -58 - -1) + -62 + 34?
42
What is the value of (11665 - 11570) + -230 + 1?
-134
What is (16 - (-31 + 5)) + -18 + 64?
88
Calculate -29 + (6 - 2) + (-3 - -22).
-6
What is the value of -7 + 69 + -3 + 1 + -4?
56
-2 + 26 + (320 - (501 - 113))
-44
-15 + (0 - 6 - (62 + -89))
6
Calculate 0 + 2 + -49 - (4610 - 4604).
-53
What is the value of 25 + -4 + 2 - (382 + -373)?
14
(7 - ((16 - 32) + 22)) + (9 - -3)
13
(-28 - -42) + -87 - -65
-8
What is 16 + -6 + -8 - ((14 - 16) + 29)?
-25
What is -21 + (270 - 272) + (-1 - -2)?
-22
-18 + (2 - 16 - (-13 - -50 - 31))
-38
What is (100 - 164) + (2 - 15) + -10?
-87
2625 + -2642 + (50 + -2 - (2 - 0))
29
What is the value of 10 + -16 - -31 - (41 + 0)?
-16
Evaluate 58 + -40 + 59 + -64.
13
Calculate 6 - ((5 - -23 - 20) + 18).
-20
What is -22 + 3 - ((-27 - 33) + 63)?
-22
What is the value of (193 + -94 - 73) + -56 + -1?
-31
What is the value of 30 + 52 + -43 + 24?
63
Evaluate -21 + (-12 - (-25 - (-20 - -3))).
-25
-58 + (165 + -177 - (14 - 0))
-84
What is the value of (5 - (16 - -4)) + -20 + 20 + 18?
3
What is 963 + -1024 + (7 - 6) + (2 - 0)?
-58
What is the value of (58 + -1 - (30 - 34)) + -15?
46
Calculate -14 - (-81 + -3 + 8 - (42 - 29)).
75
Evaluate (1 - (41 - (8 + -4))) + (7 - 6).
-35
What is the value of 10 + -1 + 0 - (-11 - 19 - (-38 + 13))?
14
Calculate -77 + 139 + 67 + -31.
98
What is the value of (1 - -7) + -2497 + 2503 + (2 - 0 - -62)?
78
What is (-1 - 2) + -22 + (74 - (61 + 8))?
-20
Evaluate -66 - (-3 + -22 - -18 - 11).
-48
What is 7 + 50 - (118 - 105)?
44
What is (8 - -4) + ((7 - -8) + -15 - (3 - 14))?
23
What is the value of -4 + (71 - 75) + 2 + 62 - -13?
69
What is the value of -7 + (5 - ((2 - -1) + -9 + -14))?
18
Calculate -8 - (-9 + (10 - ((-3 - (5 + 3)) + 9))).
-11
Calculate 0 - 42 - (22 + -53 + 11 + 11).
-33
Evaluate 26 + (-214 + 100 - 0).
-88
Evaluate 1 + -10 + 2 + -9 + 0 + -68 + 79.
-5
Evaluate (4 - 5) + 121 + -105 + 9 + -4 + 50.
70
Evaluate 6 - (-19 - 24 - -3).
46
Evaluate -7 + -70 + (6 + -12 - -15) + 5.
-63
What is 60 - (27 - -8 - -28)?
-3
Calculate 50 + -61 + 28 + -1 + 79 + 14.
109
What is -27 + (16 - (23 + -24))?
-10
Calculate -1 + (-33 - 2) + 12.
-24
Evaluate -2492 + 2686 - (94 + -5).
105
Calculate 75 + 0 + (-14 - (10 - 13)) + 10.
74
What is the value of (-57 - -30) + 94 - -40 - (-3 - -3)?
107
-20 - (49 + (23 - 89))
-3
What is the value of (2126 - 2242) + 20 + 3 - (0 + 11)?
-104
What is the value of 9 + (10 - -1) - (181 - 183)?
22
16 - -1 - (-277 - (195 + -452))
37
Calculate 40 + (-162 - (-41 - -12)) + -20.
-113
-97 + -21 + (68 - 35) + -16
-101
Evaluate -30 - (4 + 41 + -18 + -10).
-47
0 + -15 + 13 + 7 + 38
43
Calculate (-35 - 2) + 193 + -13 + -5.
138
What is 37 + -90 + (1 - -21)?
-31
Calculate -52 + 3 + 3 - (2 + -19 + (19 - 10)).
-38
What is ((-11 - -16) + -6 - (17 + -7)) + -2 + 125?
112
What is the value of (3 - (-15 - -9)) + -1 + (-16 - 2)?
-10
Calculate (15 + -13 - 57) + 6 + (7 - (4 - 4)).
-42
Calculate (2587 - 2622) + 4 + 10.
-21
What is 63 + (-76 - -22) - 20?
-11
What is the value of -12 + 72 + 8 + (11 + -2 - (-35 - -44))?
68
What is 25 + 7 - (-19 - -23 - (0 + -1))?
27
-60 + 19 + 17 + -2
-26
Evaluate (-8 - -28 - (39 - 28)) + -8 + -4.
-3
What is (4 + -19 - (-5 - 4)) + 5 + (-1 - -25)?
23
Evaluate 0 + -22 + 7617 + -7567.
28
52 - (82 - (-33 - -20))
-43
1 + 57 - (1482 - 1479) - (4 - 1)
52
What is the value of 16 - (-24 - (-62 - (-3 - 18))) - (0 + 36)?
-37
Calculate 63 - (-18 - (-3 - 69)).
9
Calculate 4 + 12 - (-67 - (-31 - 2)).
50
5 + (-10 - (-19 - -12)) + 15
17
(-1 + (10 - 34) - 4) + -9
-38
Evaluate -1 + -2 + -5 + 3 + -7 + 129 + -141.
-24
What is (30 - -1 - 11) + -18 + -56?
-54
-32 - (17 - 27 - -17 - (-2 - 0))
-41
Calculate 22 + (3 - (-10 + 24 - 6)).
17
What is 99 - 97 - (-4 - -11 - -2)?
-7
(-595 - -775) + (-1 - 101)
78
What is the value of -2 + (-13 - 4 - 24) + 15?
-28
What is -18 + -30 - ((-11 - -1) + -187 + 195 - 7)?
-39
-10 + -5 - ((5 - -1) + -91) - (-7 + -1)
78
-17 - (69 - 7 - 148)
69
95 - (-5 - (14 + (4 - 44) + 25))
99
Evaluate (-18 - (-1 - 0 - 14) - 13) + 89.
73
(-24 - -27) + (-4 - (1 - 1)) - -31
30
Evaluate -16 - ((33 - 1) + 186 + -230).
-4
6 + -7 + -32 + 56 - 20
3
Evaluate -3 + -80 + 32 - (4 - -21).
-76
What is (-5 - -16) + -47 - (21 - -6)?
-63
What is the value of 25 - (19 - (-30 - -18 - -21))?
15
Evaluate -3 - (-24 + 29 - -30).
-38
Calculate -2 + 51 + 2 + 9 + (-24 - -5) - -11.
52
Calculate -18 - (-36 + -106 + 3).
121
What is the value of -39 + -2 + (1 + 2 - (-175 + 189))?
-52
What is 3 + 10 + -2 + 2 + -3 + 14?
24
What is -459 - -464 - (19 - 2) - 3?
-15
What is (82 - 73) + 20 + (4 - 3)?
30
Calculate (-5 - 31) + (0 - (28 - (22 + -9))).
-51
29 + -17 + (55 + -13 - -12)
66
What is the value of -28 + (48 + -97 - -126)?
49
Calculate (8 - (37 + -15)) + 5 - (-21 + 18).
-6
Evaluate (87 - 111 - -18) + (-2 - -1 - 9).
-16
Evaluate 2770 + -2720 - (1 + 83).
-34
-65 + (25 - (1 - 0)) + -15
-56
-1 + 3 - (-187 + 190) - (37 + 0)
-38
Calculate -2 + 5 + 1 - (-6 + -40 + 100).
-50
(23 - (8 + 8 + 0)) + 2 + -105
-96
What is -27 + (-101 - (-10 + -49))?
-69
Calculate -2382 + 2324 - (0 - 1).
-57
Calculate 123 - 150 - (14 + -27 + 0).
-14
Evaluate (-10 - 0) + -33 + 53 + -21.
-11
What is -12 + 4 - -9 - (137 - 38)?
-98
-35 - (-14 + 5 + 26 - 15)
-37
What is -13 - (8 - 4 - (10 - (6 + -7)))?
-6
Evaluate 10 + ((-8 + 4 - 0) + -51 + 61 - 65).
-49
What is -83 + 2 - (-9220 + 9155)?
-16
What is 28 + 16 + 3 + -74?
-27
58 + -156 + (68 - 21)
-51
79 + -41 - (-24 + 17)
45
What is the value of -559 + 582 - (-7 - (-1 + 5))?
34
(3 - 24) + -23 + 2 + 40
-2
What is the value of -29 + (-6 - (0 + 0 - (5 + (-35 - -33))))?
-32
Evaluate 18 - (25 + -24 - -39).
-22
What is -41 - -47 - (10 - ((9 - 2) + (0 - -1)))?
4
Evaluate 7 - (11 + -20) - -17 - (10 - 2).
25
Evaluate -32 - -2 - (-85 + 31) - 72.
-48
Evaluate (-5 - -5 - 3 - -101) + (-38 - 4 - -37).
93
Calculate (-53 - 13) + 68 - -87.
89
What is 47 - (-1 + 11 - 21) - (11 + (-13 - 14))?
74
55 + (-197 - (-49 - 32))
-61
Calculate -38 + -22 + 33 - (-1 - -5).
-31
4 + (-4 - -35) - (-25 + 56 - 37)
41
What is the value of 0 + 14 + (0 - 5 - -2) + -17 - 8?
-14
Evaluate (-91 - -108 - (11 + 4)) + -46 + 2.
-42
-6 - (-20 + (52 - 16 - 8))
-14
Evaluate 18 + 27 + -61 - ((1 - 6) + -7).
-4
(1 + -15 - (52 + -57)) + 42 + (5 - -10)
48
What is the value of -11 + 1 + (-1 + 54 - 0) + 397 + -407?
33
What is -56 + -2 - (1 - 4) - (-129 - -125)?
-51
Calculate (-419 - -423) + 4 + -5 + 2 - (1 + -102).
106
(-68 - (-45 + -22)) + 68
67
What is the value of -260 + 204 + 69 - (-1 + 16)?
-2
What is the value of 1 - (35 + (-32 - 15))?
13
(-6 - -8 - (-8 + -1)) + 17 + -27 + 3
4
What is the value of (3 - 5 - ((-11 - -23) + -18)) + 0 + -56?
-52
What is (-36 - (-29 + 14 + 36)) + 6?
-51
Evaluate 25 + -54 + 41 - -44.
56
What is the value of 80 + 0 - 144 - -135?
71
Evaluate (-33 - -16 - 22) + 27 - ((1 - 45) + -1).
33
What is the value of (107 - 6